

{"id":2,"date":"2015-09-05T12:34:16","date_gmt":"2015-09-05T11:34:16","guid":{"rendered":"http:\/\/revedelune.com\/photographie\/?page_id=2"},"modified":"2024-04-29T18:17:36","modified_gmt":"2024-04-29T17:17:36","slug":"page-d-exemple","status":"publish","type":"page","link":"https:\/\/revedelune.com\/photographie\/","title":{"rendered":"Accueil Reve de lune"},"content":{"rendered":"<div class=\"flo-entry-content\"><p style=\"text-align: center;\">R\u00eave de lune est n\u00e9e en 1999 de l\u2019impulsion de trois photographes, trois auteurs.<br \/>\nL\u2019envie de donner une identit\u00e9 nouvelle \u00e0 la photographie de mariage et de <a href=\"http:\/\/revedelune.com\/photographie\/portraits-photo\/\">portrait<\/a>.<\/p>\n<div class=\"cosmo-one-third \" style=\"padding: 10px 30px 0px 0px\" > \t\t<article class=\" cosmo-team-member\">\n\t\t\t            <header>\n                <div class=\"featimg\">\n                    <img src=\"http:\/\/revedelune.com\/photographie\/wp-content\/uploads\/2022\/12\/home1.jpg\" alt=\"Notre \u00e9quipe\">\n                <\/div>\n            <\/header>\n                        <div class=\"entry-content\">\n                <ul>\n                \t                    <li class=\"entry-content-name\"><h4>Notre \u00e9quipe<\/h4><\/li>\n                                                                                <li class=\"entry-content-desc\"><\/p>\n<p>R\u00eave de lune est n\u00e9e en 1999 de l\u2019impulsion de trois photographes, trois auteurs. L\u2019envie de donner une identit\u00e9 nouvelle \u00e0 la photographie de mariage et de portrait. Cet \u00e9lan les a regroup\u00e9s autour de ce projet ambitieux, celui de bousculer un genre, de le d\u00e9passer. Depuis presque 20 ans, R\u00eave de lune est une autre fa\u00e7on de graver dans le temps ces moments privil\u00e9gi\u00e9s entre la mari\u00e9e et son fianc\u00e9, emamntre une an et son b\u00e9b\u00e9 ... et d\u2019apporter, gr\u00e2ce \u00e0 un angle r\u00e9fl\u00e9chi, le plaisir de l\u2019image spontan\u00e9e.<\/p>\n<p><\/li>\n                    \t\t\t\t\t                    \n            <\/ul>\n            <\/div>\n        <\/article>\n\t <\/div>\n<div class=\"cosmo-one-third \" style=\"padding: 10px 15px 0px 15px\" > \t\t<article class=\" cosmo-team-member\">\n\t\t\t            <header>\n                <div class=\"featimg\">\n                    <img src=\"http:\/\/revedelune.com\/photographie\/wp-content\/uploads\/2022\/12\/home2.jpg\" alt=\"Notre approche\">\n                <\/div>\n            <\/header>\n                        <div class=\"entry-content\">\n                <ul>\n                \t                    <li class=\"entry-content-name\"><h4>Notre approche<\/h4><\/li>\n                                                                                <li class=\"entry-content-desc\"><\/p>\n<p>R\u00eave de lune est une agence photo sp\u00e9cialis\u00e9e dans le reportage de mariage. Transformer la photographie du plus beau jour en images de spontan\u00e9it\u00e9. Le photographe de l\u2019agence, vous accompagne d\u00e8s les pr\u00e9paratifs et interpr\u00e8te les clins d\u2019oeil en images tout le long de votre c\u00e9r\u00e9monie avec discr\u00e9tion. Proche de vous durant les pr\u00e9paratifs, il sera attentif durant la c\u00e9r\u00e9monie \u00e0 stopper par l\u2019image vos moments d\u2019\u00e9motions et le regard de vos proches.<\/p>\n<p><\/li>\n                    \t\t\t\t\t                    \n            <\/ul>\n            <\/div>\n        <\/article>\n\t <\/div>\n<div class=\"cosmo-one-third \" style=\"padding: 10px 0px 0px 30px\" > \t\t<article class=\" cosmo-team-member\">\n\t\t\t            <header>\n                <div class=\"featimg\">\n                    <img src=\"http:\/\/revedelune.com\/photographie\/wp-content\/uploads\/2022\/12\/home3.png\" alt=\"Situation\">\n                <\/div>\n            <\/header>\n                        <div class=\"entry-content\">\n                <ul>\n                \t                    <li class=\"entry-content-name\"><h4>Situation<\/h4><\/li>\n                                                                                <li class=\"entry-content-desc\"><\/p>\n<p><strong>Agence R\u00eave de Lune Photographie<\/strong><\/p>\n<p>21 rue Demolombe<br \/>\n14000 Caen, France<\/p>\n<p>Accueil \u00e0 notre d'Atelier<br \/>\nLundi \u2013 Samedi 13h \u2013 15h<\/p>\n<p><\/li>\n                    \t\t\t\t\t                    \n            <\/ul>\n            <\/div>\n        <\/article>\n\t <\/div>\n<\/div>","protected":false},"excerpt":{"rendered":"<p>R\u00eave de lune est n\u00e9e en 1999 de l\u2019impulsion de trois photographes, trois auteurs. L\u2019envie de donner une identit\u00e9 nouvelle \u00e0 la photographie de mariage et de portrait.<\/p>\n","protected":false},"author":1,"featured_media":0,"parent":0,"menu_order":0,"comment_status":"open","ping_status":"open","template":"","meta":[],"_links":{"self":[{"href":"https:\/\/revedelune.com\/photographie\/wp-json\/wp\/v2\/pages\/2"}],"collection":[{"href":"https:\/\/revedelune.com\/photographie\/wp-json\/wp\/v2\/pages"}],"about":[{"href":"https:\/\/revedelune.com\/photographie\/wp-json\/wp\/v2\/types\/page"}],"author":[{"embeddable":true,"href":"https:\/\/revedelune.com\/photographie\/wp-json\/wp\/v2\/users\/1"}],"replies":[{"embeddable":true,"href":"https:\/\/revedelune.com\/photographie\/wp-json\/wp\/v2\/comments?post=2"}],"version-history":[{"count":22,"href":"https:\/\/revedelune.com\/photographie\/wp-json\/wp\/v2\/pages\/2\/revisions"}],"predecessor-version":[{"id":1811,"href":"https:\/\/revedelune.com\/photographie\/wp-json\/wp\/v2\/pages\/2\/revisions\/1811"}],"wp:attachment":[{"href":"https:\/\/revedelune.com\/photographie\/wp-json\/wp\/v2\/media?parent=2"}],"curies":[{"name":"wp","href":"https:\/\/api.w.org\/{rel}","templated":true}]}}